{"id":176,"date":"2018-07-31T15:17:26","date_gmt":"2018-07-31T15:17:26","guid":{"rendered":"https:\/\/www.ccyk.com.co\/?page_id=176"},"modified":"2018-07-31T15:23:01","modified_gmt":"2018-07-31T15:23:01","slug":"medellin","status":"publish","type":"page","link":"https:\/\/www.ccyk.com.co\/en\/acerca-de-colombia\/medellin\/","title":{"rendered":"Medell\u00edn"},"content":{"rendered":"<div class=\"col-md-5 offset-md-1\">\n<p>Medell\u00edn es la capital del departamento de Antioquia y es la segunda ciudad de Colombia en t\u00e9rminos de poblaci\u00f3n, extensi\u00f3n e industrializaci\u00f3n. Es tambi\u00e9n conocida como la \u201cciudad de la eterna primavera\u201d por su clima agradable el cual tiene un promedio de 24 \u00b0C. Tiene una poblaci\u00f3n total de 3.800.000 habitantes en 1.158 kms cuadrados. Medell\u00edn es la principal exportadora de productos no tradicionales de Colombia, ofreciendo un ambiente ideal para la inversi\u00f3n agroindustrial y manufacturera. Su arquitectura, urbanismo y la continuidad de sus pol\u00edticas de desarrollo social y econ\u00f3mico, la han transformado en una urbe con una infraestructura competitiva y con los mayores niveles de calidad de vida del pa\u00eds.<\/p>\n<p>Medell\u00edn es un din\u00e1mico epicentro de comercio, industria y tecnolog\u00eda. El 20% de las empresas m\u00e1s importantes del pa\u00eds tienen su sede en la ciudad,  algunas de ellas multilatinas con gran proyecci\u00f3n internacional. En 2013 fue reconocida por Wall Street Journal, Citi Group y el Urban Land Institute como <\/p>\n<\/div>\n<div class=\"col-md-5\">\n<p>la ciudad m\u00e1s innovadora del mundo y para el 2021 se proyecta como la capital de innovaci\u00f3n de Am\u00e9rica Latina a trav\u00e9s de su distrito Medellinnovation. La ciudad cuenta con un moderno sistema urbano de transporte p\u00fablico que comprende  metro, metrocable, metropl\u00fas y tranv\u00eda, y tiene 2 aeropuertos: el internacional Jos\u00e9 Mar\u00eda C\u00f3rdova, situado en el municipio de Rionegro, que se conecta con las principales ciudades de Estados Unidos y con hubs estrat\u00e9gicos de Centro y Suram\u00e9rica a trav\u00e9s de 12 rutas a\u00e9reas internacionales; y el Olaya Herrera, destinado a vuelos regionales y nacionales.<\/p>\n<p>Medell\u00edn valle rodeado de monta\u00f1as con ex\u00f3ticas flores perfuman, un espacio ideal para los grandes amantes de la naturaleza visita el mariposario de Medell\u00edn donde la entrada es gratiuta y se recomienda llegar en metro, en la noche disfruta en Medell\u00edn el parque lleras en donde la rumba paisa donde bares, discotecas y restaurantes te ofrecen variadas opciones para gozar la noche. Medell\u00edn est\u00e1 situada en la regi\u00f3n natural conocida como valle de Aburr\u00e1 en la cordillera central de los Andes.<\/p>\n<\/div>\n","protected":false},"excerpt":{"rendered":"<p>Medell\u00edn es la capital del departamento de Antioquia y es la segunda ciudad de Colombia en t\u00e9rminos de poblaci\u00f3n, extensi\u00f3n e industrializaci\u00f3n. Es tambi\u00e9n conocida como la \u201cciudad de la eterna primavera\u201d por su clima agradable el cual tiene un promedio de 24 \u00b0C. Tiene una poblaci\u00f3n total de 3.800.000 habitantes en 1.158 kms cuadrados. [&hellip;]<\/p>\n","protected":false},"author":1,"featured_media":179,"parent":54,"menu_order":0,"comment_status":"closed","ping_status":"closed","template":"page-ciudades.php","meta":[],"_links":{"self":[{"href":"https:\/\/www.ccyk.com.co\/en\/wp-json\/wp\/v2\/pages\/176"}],"collection":[{"href":"https:\/\/www.ccyk.com.co\/en\/wp-json\/wp\/v2\/pages"}],"about":[{"href":"https:\/\/www.ccyk.com.co\/en\/wp-json\/wp\/v2\/types\/page"}],"author":[{"embeddable":true,"href":"https:\/\/www.ccyk.com.co\/en\/wp-json\/wp\/v2\/users\/1"}],"replies":[{"embeddable":true,"href":"https:\/\/www.ccyk.com.co\/en\/wp-json\/wp\/v2\/comments?post=176"}],"version-history":[{"count":2,"href":"https:\/\/www.ccyk.com.co\/en\/wp-json\/wp\/v2\/pages\/176\/revisions"}],"predecessor-version":[{"id":180,"href":"https:\/\/www.ccyk.com.co\/en\/wp-json\/wp\/v2\/pages\/176\/revisions\/180"}],"up":[{"embeddable":true,"href":"https:\/\/www.ccyk.com.co\/en\/wp-json\/wp\/v2\/pages\/54"}],"wp:featuredmedia":[{"embeddable":true,"href":"https:\/\/www.ccyk.com.co\/en\/wp-json\/wp\/v2\/media\/179"}],"wp:attachment":[{"href":"https:\/\/www.ccyk.com.co\/en\/wp-json\/wp\/v2\/media?parent=176"}],"curies":[{"name":"wp","href":"https:\/\/api.w.org\/{rel}","templated":true}]}}

Medellín

<div class="col-md-5 offset-md-1">
<p>Medellín es la capital del departamento de Antioquia y es la segunda ciudad de Colombia en términos de población, extensión e industrialización. Es también conocida como la “ciudad de la eterna primavera” por su clima agradable el cual tiene un promedio de 24 °C. Tiene una población total de 3.800.000 habitantes en 1.158 kms cuadrados. Medellín es la principal exportadora de productos no tradicionales de Colombia, ofreciendo un ambiente ideal para la inversión agroindustrial y manufacturera. Su arquitectura, urbanismo y la continuidad de sus políticas de desarrollo social y económico, la han transformado en una urbe con una infraestructura competitiva y con los mayores niveles de calidad de vida del país.</p>
<p>Medellín es un dinámico epicentro de comercio, industria y tecnología. El 20% de las empresas más importantes del país tienen su sede en la ciudad,  algunas de ellas multilatinas con gran proyección internacional. En 2013 fue reconocida por Wall Street Journal, Citi Group y el Urban Land Institute como </p>
</div>
<div class="col-md-5">
<p>la ciudad más innovadora del mundo y para el 2021 se proyecta como la capital de innovación de América Latina a través de su distrito Medellinnovation. La ciudad cuenta con un moderno sistema urbano de transporte público que comprende  metro, metrocable, metroplús y tranvía, y tiene 2 aeropuertos: el internacional José María Córdova, situado en el municipio de Rionegro, que se conecta con las principales ciudades de Estados Unidos y con hubs estratégicos de Centro y Suramérica a través de 12 rutas aéreas internacionales; y el Olaya Herrera, destinado a vuelos regionales y nacionales.</p>
<p>Medellín valle rodeado de montañas con exóticas flores perfuman, un espacio ideal para los grandes amantes de la naturaleza visita el mariposario de Medellín donde la entrada es gratiuta y se recomienda llegar en metro, en la noche disfruta en Medellín el parque lleras en donde la rumba paisa donde bares, discotecas y restaurantes te ofrecen variadas opciones para gozar la noche. Medellín está situada en la región natural conocida como valle de Aburrá en la cordillera central de los Andes.</p>
</div>

<p>Medellín es la capital del departamento de Antioquia y es la segunda ciudad de Colombia en términos de población, extensión e industrialización. Es también conocida como la “ciudad de la eterna primavera” por su clima agradable el cual tiene un promedio de 24 °C. Tiene una población total de 3.800.000 habitantes en 1.158 kms cuadrados. [&hellip;]</p>
